{"id":50,"date":"2024-01-08T13:08:09","date_gmt":"2024-01-08T12:08:09","guid":{"rendered":"https:\/\/dilmark.pl\/?page_id=50"},"modified":"2025-04-23T13:56:04","modified_gmt":"2025-04-23T11:56:04","slug":"o-nas","status":"publish","type":"page","link":"https:\/\/dilmark.pl\/index.php\/o-nas\/","title":{"rendered":"O nas"},"content":{"rendered":"\n<div class=\"wp-block-group alignfull has-accent-background-color has-background has-global-padding is-layout-constrained wp-container-core-group-is-layout-669513ed wp-block-group-is-layout-constrained\" style=\"margin-top:0;margin-bottom:0;padding-top:var(--wp--preset--spacing--50);padding-right:var(--wp--preset--spacing--50);padding-bottom:var(--wp--preset--spacing--50);padding-left:var(--wp--preset--spacing--50)\">\n<div class=\"wp-block-columns alignwide is-layout-flex wp-container-core-columns-is-layout-1da03c2a wp-block-columns-is-layout-flex\">\n<div class=\"wp-block-column is-vertically-aligned-stretch is-layout-flow wp-block-column-is-layout-flow\" style=\"flex-basis:50%\">\n<div class=\"wp-block-group is-vertical is-content-justification-stretch is-layout-flex wp-container-core-group-is-layout-444d5ee8 wp-block-group-is-layout-flex\" style=\"min-height:100%\">\n<p class=\"has-contrast-color has-text-color has-link-color wp-elements-6e03111417b8d7bed9934158cb37f02d\" style=\"font-size:clamp(1.039rem, 1.039rem + ((1vw - 0.2rem) * 0.935), 1.6rem);\">Firma m\u0142oda &#8211; do\u015bwiadczenie kilkadziesi\u0105t lat.<br>Start 1996 i od razu przemys\u0142.<br>O energetyce wiemy sporo.<br>Dziesi\u0105tki wdro\u017ce\u0144. Mn\u00f3stwo projekt\u00f3w.<br>Sterowniki programowalne, panele operatorskie to nasz chleb powszedni.<br>Udzia\u0142 w najwi\u0119kszych projektach z zakresu energetyki zawodowej. Nowe bloki w Kozienicach i Opolu. Nieudany start w Ostro\u0142\u0119ce &#8211; ot co\u2026<br>Ci\u0105gle w ruchu, ci\u0105gle nowe wyzwania.<br>Zmieniamy si\u0119 dostosowujemy i rozwijamy.<br>Skontaktuj si\u0119 z nami. Warto.<\/p>\n<\/div>\n<\/div>\n\n\n\n<div class=\"wp-block-column is-vertically-aligned-center is-layout-flow wp-block-column-is-layout-flow\" style=\"flex-basis:50%\">\n<figure class=\"wp-block-image size-large is-resized\"><img loading=\"lazy\" decoding=\"async\" width=\"1024\" height=\"564\" src=\"https:\/\/dilmark.pl\/wp-content\/uploads\/2025\/04\/Zrzut-ekranu-z-2025-04-23-13-40-38-2-1024x564.png\" alt=\"\" class=\"wp-image-107\" style=\"width:891px;height:auto\" srcset=\"https:\/\/dilmark.pl\/wp-content\/uploads\/2025\/04\/Zrzut-ekranu-z-2025-04-23-13-40-38-2-1024x564.png 1024w, https:\/\/dilmark.pl\/wp-content\/uploads\/2025\/04\/Zrzut-ekranu-z-2025-04-23-13-40-38-2-300x165.png 300w, https:\/\/dilmark.pl\/wp-content\/uploads\/2025\/04\/Zrzut-ekranu-z-2025-04-23-13-40-38-2-768x423.png 768w, https:\/\/dilmark.pl\/wp-content\/uploads\/2025\/04\/Zrzut-ekranu-z-2025-04-23-13-40-38-2.png 1270w\" sizes=\"auto, (max-width: 1024px) 100vw, 1024px\" \/><\/figure>\n<\/div>\n<\/div>\n\n\n\n<ol class=\"wp-block-list\">\n<li><strong>&#8220;Innowacyjne Projekty, Optymalne Rozwi\u0105zania!&#8221;<\/strong><\/li>\n\n\n\n<li><strong>&#8220;Zaufaj Ekspertom &#8211; Tw\u00f3j Sukces w Elektryce, Automatyce, Technologii!&#8221;<\/strong><\/li>\n\n\n\n<li><strong>&#8220;Nasza Firma, Twoje Nowoczesne Rozwi\u0105zania!&#8221;<\/strong><\/li>\n\n\n\n<li><strong>&#8220;Rozwijaj Biznes z Profesjonalistami w Elektryce i Automatyce!&#8221;<\/strong><\/li>\n\n\n\n<li><strong>&#8220;In\u017cynieryjna Doskona\u0142o\u015b\u0107 dla Efektywno\u015bci Twojego Przedsi\u0119biorstwa!&#8221;<\/strong><\/li>\n\n\n\n<li><strong>&#8220;Z Nami Tw\u00f3j Projekt, Zawsze na Czasie i W Bud\u017cecie!&#8221;<\/strong><\/li>\n\n\n\n<li><strong>&#8220;Budujemy Przysz\u0142o\u015b\u0107 Razem &#8211; Elektryka, Automatyka, Technologia!&#8221;<\/strong><\/li>\n\n\n\n<li><strong>&#8220;Optymalizacja Pracy, Maksymalne Oszcz\u0119dno\u015bci &#8211; Z Nami To Mo\u017cliwe!&#8221;<\/strong><\/li>\n\n\n\n<li><strong>&#8220;Twoje Wyzwania, Nasze Rozwi\u0105zania &#8211; Lider w Bran\u017cy!&#8221;<\/strong><\/li>\n\n\n\n<li><strong>&#8220;Zaufaj Nam, Zbuduj Z nami Innowacyjn\u0105 Przysz\u0142o\u015b\u0107!&#8221;<\/strong><\/li>\n<\/ol>\n<\/div>\n\n\n\n<div class=\"wp-block-group alignfull has-global-padding is-layout-constrained wp-container-core-group-is-layout-d89aad35 wp-block-group-is-layout-constrained\" style=\"margin-top:0;margin-bottom:0;padding-top:var(--wp--preset--spacing--50);padding-right:var(--wp--preset--spacing--50);padding-bottom:var(--wp--preset--spacing--50);padding-left:var(--wp--preset--spacing--50)\"><\/div>\n","protected":false},"excerpt":{"rendered":"<p>Firma m\u0142oda &#8211; do\u015bwiadczenie kilkadziesi\u0105t lat.Start 1996 i od razu przemys\u0142.O energetyce wiemy sporo.Dziesi\u0105tki wdro\u017ce\u0144. Mn\u00f3stwo projekt\u00f3w.Sterowniki programowalne, panele operatorskie to nasz chleb powszedni.Udzia\u0142 w najwi\u0119kszych projektach z zakresu energetyki zawodowej. Nowe bloki w Kozienicach i Opolu. Nieudany start w Ostro\u0142\u0119ce &#8211; ot co\u2026Ci\u0105gle w ruchu, ci\u0105gle nowe wyzwania.Zmieniamy si\u0119 dostosowujemy i rozwijamy.Skontaktuj si\u0119 z [&hellip;]<\/p>\n","protected":false},"author":1,"featured_media":0,"parent":0,"menu_order":0,"comment_status":"closed","ping_status":"closed","template":"","meta":{"om_disable_all_campaigns":false,"_monsterinsights_skip_tracking":false,"_monsterinsights_sitenote_active":false,"_monsterinsights_sitenote_note":"","_monsterinsights_sitenote_category":0,"_ti_tpc_template_sync":false,"_ti_tpc_template_id":"","footnotes":""},"class_list":["post-50","page","type-page","status-publish","hentry"],"aioseo_notices":[],"_links":{"self":[{"href":"https:\/\/dilmark.pl\/index.php\/wp-json\/wp\/v2\/pages\/50","targetHints":{"allow":["GET"]}}],"collection":[{"href":"https:\/\/dilmark.pl\/index.php\/wp-json\/wp\/v2\/pages"}],"about":[{"href":"https:\/\/dilmark.pl\/index.php\/wp-json\/wp\/v2\/types\/page"}],"author":[{"embeddable":true,"href":"https:\/\/dilmark.pl\/index.php\/wp-json\/wp\/v2\/users\/1"}],"replies":[{"embeddable":true,"href":"https:\/\/dilmark.pl\/index.php\/wp-json\/wp\/v2\/comments?post=50"}],"version-history":[{"count":4,"href":"https:\/\/dilmark.pl\/index.php\/wp-json\/wp\/v2\/pages\/50\/revisions"}],"predecessor-version":[{"id":112,"href":"https:\/\/dilmark.pl\/index.php\/wp-json\/wp\/v2\/pages\/50\/revisions\/112"}],"wp:attachment":[{"href":"https:\/\/dilmark.pl\/index.php\/wp-json\/wp\/v2\/media?parent=50"}],"curies":[{"name":"wp","href":"https:\/\/api.w.org\/{rel}","templated":true}]}}