{"id":75,"date":"2024-01-08T14:34:50","date_gmt":"2024-01-08T13:34:50","guid":{"rendered":"https:\/\/dilmark.pl\/?page_id=75"},"modified":"2025-04-23T13:58:00","modified_gmt":"2025-04-23T11:58:00","slug":"kontakt","status":"publish","type":"page","link":"https:\/\/dilmark.pl\/index.php\/kontakt\/","title":{"rendered":"Kontakt"},"content":{"rendered":"\n<div class=\"wp-block-cover alignfull is-light has-parallax\" style=\"padding-top:var(--wp--preset--spacing--50);padding-right:var(--wp--preset--spacing--50);padding-bottom:var(--wp--preset--spacing--50);padding-left:var(--wp--preset--spacing--50);min-height:848px;aspect-ratio:unset;\"><span aria-hidden=\"true\" class=\"wp-block-cover__background has-base-background-color has-background-dim-0 has-background-dim\"><\/span><div role=\"img\" class=\"wp-block-cover__image-background wp-image-113 has-parallax\" style=\"background-position:50% 50%;background-image:url(https:\/\/dilmark.pl\/wp-content\/uploads\/2025\/04\/ai-1-scaled.jpg)\"><\/div><div class=\"wp-block-cover__inner-container has-global-padding is-layout-constrained wp-container-core-cover-is-layout-e4fd886c wp-block-cover-is-layout-constrained\">\n<h3 class=\"wp-block-heading has-text-align-right has-xx-large-font-size\"><strong>Dilmark &#8211; Sp\u00f3\u0142ka z Ograniczon\u0105 Odpowiedzialno\u015bci\u0105<\/strong><\/h3>\n\n\n\n<p class=\"has-large-font-size\"><strong>NIP 6521754236<\/strong><\/p>\n\n\n\n<p class=\"has-large-font-size\"><strong>REGON 388738541<\/strong><\/p>\n\n\n\n<p class=\"has-large-font-size\"><strong>KRS 0001070278<\/strong><\/p>\n\n\n\n<p class=\"has-medium-font-size\"><strong><a href=\"https:\/\/www.google.com\/maps\/place\/Dilmark+Sp.+z+o.o.\/@49.9100543,18.9985882,19z\/data=!4m6!3m5!1s0x4716a35410f2a98d:0xbc7af68469cfe060!8m2!3d49.9103373!4d18.9985253!16s%2Fg%2F11r9vmg0r8?entry=ttu\" target=\"_blank\" rel=\"noopener\" title=\"\">ul. Legion\u00f3w 87A<\/a><\/strong> <strong>43-502, Czechowice-Dziedzice<\/strong><\/p>\n\n\n\n<p class=\"has-medium-font-size\">email: <a href=\"mailto:mariusz.dyla@gmail.com\" target=\"_blank\" rel=\"noopener\" title=\"mariusz.dyla@gmail.com\">mariusz.dyla@gmail.com<\/a> <\/p>\n\n\n\n<p class=\"has-medium-font-size\">telefon: +48 602 47 47 18<\/p>\n\n\n\n<p style=\"font-size:clamp(0.929rem, 0.929rem + ((1vw - 0.2rem) * 0.785), 1.4rem);\"><strong>Bank \u015bl\u0105ski ING: 09 1050 1256 1000 0092 8462 4039<\/strong><\/p>\n\n\n\n<div style=\"height:778px\" aria-hidden=\"true\" class=\"wp-block-spacer\"><\/div>\n<\/div><\/div>\n","protected":false},"excerpt":{"rendered":"","protected":false},"author":1,"featured_media":0,"parent":0,"menu_order":0,"comment_status":"closed","ping_status":"closed","template":"","meta":{"om_disable_all_campaigns":false,"_monsterinsights_skip_tracking":false,"_monsterinsights_sitenote_active":false,"_monsterinsights_sitenote_note":"","_monsterinsights_sitenote_category":0,"_ti_tpc_template_sync":false,"_ti_tpc_template_id":"","footnotes":""},"class_list":["post-75","page","type-page","status-publish","hentry"],"aioseo_notices":[],"_links":{"self":[{"href":"https:\/\/dilmark.pl\/index.php\/wp-json\/wp\/v2\/pages\/75","targetHints":{"allow":["GET"]}}],"collection":[{"href":"https:\/\/dilmark.pl\/index.php\/wp-json\/wp\/v2\/pages"}],"about":[{"href":"https:\/\/dilmark.pl\/index.php\/wp-json\/wp\/v2\/types\/page"}],"author":[{"embeddable":true,"href":"https:\/\/dilmark.pl\/index.php\/wp-json\/wp\/v2\/users\/1"}],"replies":[{"embeddable":true,"href":"https:\/\/dilmark.pl\/index.php\/wp-json\/wp\/v2\/comments?post=75"}],"version-history":[{"count":9,"href":"https:\/\/dilmark.pl\/index.php\/wp-json\/wp\/v2\/pages\/75\/revisions"}],"predecessor-version":[{"id":114,"href":"https:\/\/dilmark.pl\/index.php\/wp-json\/wp\/v2\/pages\/75\/revisions\/114"}],"wp:attachment":[{"href":"https:\/\/dilmark.pl\/index.php\/wp-json\/wp\/v2\/media?parent=75"}],"curies":[{"name":"wp","href":"https:\/\/api.w.org\/{rel}","templated":true}]}}